 - 4?
1400
In base 2, what is 10000 + 1000?
11000
In base 2, what is 1 - 101110?
-101101
In base 10, what is -1 - -3075?
3074
In base 12, what is 5 - -236b?
2374
In base 12, what is 282 - 0?
282
In base 9, what is 2288 + 5?
2304
In base 2, what is -1111000010 + 101?
-1110111101
In base 16, what is -277 - -3?
-274
In base 12, what is -32 - -1a?
-14
In base 5, what is 23 + -4101?
-4023
In base 7, what is -3500 - -2?
-3465
In base 13, what is 0 + 275?
275
In base 13, what is 4 + -39?
-35
In base 12, what is 2 + 18b?
191
In base 8, what is 0 - 17?
-17
In base 15, what is -d6b + -2?
-d6d
In base 11, what is -8 - 6?
-13
In base 6, what is 3 + 1304?
1311
In base 12, what is -50 - -3?
-49
In base 12, what is -24 + 65?
41
In base 13, what is -7896 - 4?
-789a
In base 4, what is -31 + 31?
0
In base 10, what is -533 + 1?
-532
In base 8, what is 232 + 5?
237
In base 16, what is 53 - -2?
55
In base 11, what is -4 + 307?
303
In base 10, what is 261 + 4?
265
In base 15, what is -4 - -45?
41
In base 15, what is -70 - -4?
-6b
In base 2, what is 10 - 11100?
-11010
In base 2, what is 1110 - 1110000001?
-1101110011
In base 14, what is -1 - 19c?
-19d
In base 14, what is -4 + 11?
b
In base 11, what is -4 + a?
6
In base 16, what is 1 + -56?
-55
In base 4, what is 10 + -2111?
-2101
In base 11, what is 106 - -5?
110
In base 4, what is 11133 + -13?
11120
In base 8, what is -1 + 7127?
7126
In base 15, what is 4 + 1b?
20
In base 8, what is -1 + 4603?
4602
In base 12, what is 8 + 39?
45
In base 5, what is 14 + -31?
-12
In base 8, what is 6 - 2020?
-2012
In base 11, what is -4 + -22?
-26
In base 7, what is -5 + 43?
35
In base 9, what is -2 - 12535?
-12537
In base 13, what is 28 - a?
1b
In base 10, what is -7 + -193?
-200
In base 5, what is -3 + 4333?
4330
In base 11, what is -8a + 65?
-25
In base 12, what is 25 + 12?
37
In base 3, what is -2200 - 11?
-2211
In base 12, what is 32 - 1b?
13
In base 9, what is -2708 - -3?
-2705
In base 14, what is 0 - -65?
65
In base 3, what is -22220 - -201?
-22012
In base 12, what is 180 + 0?
180
In base 6, what is -4 - 30?
-34
In base 14, what is 222b - -1?
222c
In base 2, what is 1010011 + 101?
1011000
In base 7, what is -5 + 12?
4
In base 5, what is -1 + -204?
-210
In base 9, what is -232 - 1?
-233
In base 12, what is 15 + -12?
3
In base 11, what is 23a - -10?
24a
In base 11, what is 33 + 19?
51
In base 6, what is -1232 - 2?
-1234
In base 16, what is 2c + 6?
32
In base 13, what is -b - 8?
-16
In base 5, what is -10 - -43?
33
In base 11, what is 11 + 49?
5a
In base 10, what is 1 + 20?
21
In base 12, what is 9a5 + 2?
9a7
In base 2, what is 1001010 + 1001000?
10010010
In base 6, what is -141 + -14?
-155
In base 12, what is -256 + -1a?
-274
In base 9, what is -4 - -3625?
3621
In base 5, what is 1123 - -3?
1131
In base 2, what is -10110111 + -11?
-10111010
In base 6, what is -5 - 14043?
-14052
In base 2, what is -101 - 101110010?
-101110111
In base 6, what is 0 - 152?
-152
In base 9, what is 8 - -81?
100
In base 13, what is -6 - 367?
-370
In base 13, what is -1125 - -1?
-1124
In base 2, what is 10 + 1101001111?
1101010001
In base 8, what is 1 - -5236?
5237
In base 4, what is 130003 + 0?
130003
In base 4, what is 1 - 1200?
-1133
In base 4, what is -110 - -232?
122
In base 4, what is -130202 - 2?
-130210
In base 14, what is 1 + -bc4?
-bc3
In base 11, what is -1043 + 3?
-1040
In base 12, what is 57 - -2?
59
In base 9, what is -216 - -6?
-210
In base 7, what is 0 + 100?
100
In base 2, what is 110100101000 + -10?
110100100110
In base 14, what is 106 + 0?
106
In base 10, what is 58 - 2?
56
In base 7, what is 1212 - 3?
1206
In base 10, what is 60 - -5?
65
In base 12, what is -126 + -2?
-128
In base 16, what is -9 - 4?
-d
In base 10, what is -3 + 68?
65
In base 7, what is -4 + 56?
52
In base 2, what is -1100 - -1000100?
111000
In base 7, what is 453 - -5?
461
In base 4, what is -31 + -23210?
-23301
In base 3, what is -112 - 10?
-122
In base 6, what is 0 - 320?
-320
In base 15, what is -5 + -4e?
-54
In base 6, what is 1425 + -20?
1405
In base 2, what is -11100111 + 1?
-11100110
In base 8, what is 0 - -31?
31
In base 10, what is 580 + -24?
556
In base 3, what is -2 + -212202?
-212211
In base 2, what is 110010 - 100?
101110
In base 10, what is 8 + -457?
-449
In base 9, what is -45 - -8?
-36
In base 6, what is -31 - -14?
-13
In base 3, what is -11 + 2010102?
2010021
In base 5, what is 13231 + -4?
13222
In base 15, what is -66 + 0?
-66
In base 2, what is -11100 + -1011101011?
-1100000111
In base 5, what is 3 - -21?
24
In base 4, what is -3 - -103330?
103321
In base 10, what is 28 - -10?
38
In base 9, what is -104 - -75?
-18
In base 12, what is 1 + 3a?
3b
In base 4, what is 1132131 + 3?
1132200
In base 9, what is -5 - 4220?
-4225
In base 12, what is -a9 - -7?
-a2
In base 10, what is 153 - 4?
149
In base 10, what is -1531 - 3?
-1534
In base 14, what is 115 + -20?
d5
In base 14, what is -d4 - -d?
-c5
In base 11, what is -152 - -12?
-140
In base 6, what is 3 - -4340?
4343
In base 10, what is -125 + 2?
-123
In base 14, what is -3 - 4a4?
-4a7
In base 14, what is -2 - -aa?
a8
In base 3, what is 111120 - -1?
111121
In base 3, what is 12012 + -221?
11021
In base 2, what is 101 + 1111100?
10000001
In base 10, what is -2326 + -1?
-2327
In base 2, what is 10100111101 + -1?
10100111100
In base 12, what is -416 + 2?
-414
In base 9, what is -17255 - 4?
-17260
In base 6, what is -3 - 2435?
-2442
In base 3, what is 11121 - -11?
11202
In base 15, what is -1 + -bd?
-be
In base 16, what is -320 - 2?
-322
In base 12, what is 0 - 60?
-60
In base 14, what is 1dd6 - 2?
1dd4
In base 16, what is 185 - 1?
184
In base 4, what is 101 - -333?
1100
In base 3, what is -1021212 + -11?
-1022000
In base 2, what is 110001 - -101111111?
110110000
In base 16, what is 37e + -4?
37a
In base 9, what is -1 + -213?
-214
In base 14, what is -4 - 12a?
-130
In base 13, what is -5 - -1a56?
1a51
In base 4, what is 0 - 30?
-30
In base 10, what is 4341 + 2?
4343
In base 7, what is 235 - -6?
244
In base 8, what is -4 + 144?
140
In base 7, what is 0 - 330?
-330
In base 11, what is -5 - -1748?
1743
In base 2, what is 0 + 10001000?
10001000
In base 7, what is -5 + -336?
-344
In base 8, what is -3 + 543?
540
In base 11, what is -4 + -2a2?
-2a6
In base 16, what is -4 + 1518?
1514
In base 10, what is 285 - 2?
283
In base 2, what is 101100 + -1011?
100001
In base 7, what is -16424 - -5?
-16416
In base 10, what is -440 + 3?
-437
In base 2, what is -111010 - -11011?
-11111
In base 9, what is 26 - -101?
127
In base 8, what is 34 + 40?
74
In base 2, what is -11 - -10110?
10011
In base 9, what is -502 - 4?
-506
In base 2, what is 11 + -1010?
-111
In base 15, what is -421 - -5?
-41b
In base 15, what is -403 - 5?
-408
In base 10, what is 23 + -83?
-60
In base 2, what is -10111 - 1011?
-100010
In base 5, what is 3 - -13100?
13103
In base 9, what is -1 + 263?
262
In base 14, what is -5 - 0?
-5
In base 4, what is -11 - 332?
-1003
In base 9, what is -3313 + 4?
-3308
In base 7, what is -3 + -6452?
-6455
In base 6, what is -145 + 313?
124
In base 3, what is -200000 + 11?
-122212
In base 8, what is -46 + 0?
-46
In base 15, what is d - 21?
-13
In base 5, what is 12321 + 1?
12322
In base 9, what is 1 - -384?
385
In base 12, what is -162 - 30?
-192
In base 6, what is -25404 + -5?
-25413
In base 14, what is 3 + -a3d?
-a3a
In base 7, what is -1 + -32?
-33
In base 9, what is -135 + 34?
-101
In base 7, what is 53 + 10?
63
In base 7, what is -455 - 1?
-456
In base 5, what is 0 - 130?
-130
In base 13, what is -56 - 1?
-57
In base 12, what is -1 + 4b1?
4b0
In base 11, what is -1aa7 - -5?
-1aa2
In base 15, what is -658 + 3?
-655
In base 6, what is 5 + 3112?
3121
In base 8, what is 31 - 136?
-105
In base 7, what is -1451 + 2?
-1446
In base 14, what is a - -738?
744
In base 14, what is 3 + 2?
5
In base 2, what is -11101000 + -101?
-11101101
In base 6, what is 2302 + 2?
2304
In base 16, what is -e + 7?
-7
In base 12, what is -31b - 3?
-322
In base 13, what is -86 - -2?
-84
In base 16, what is 1 - 4a8?
-4a7
In base 12, what is -6818 + 0?
-6818
In base 4, what is 13 - 1223100?
-1223021
In base 4, what is 0 - 11110?
-11110
In base 8, what is -343 - 3?
-346
In base 7, what is 2403 + -6?
2364
In base 16, what is -7 + -1a1?
-1a8
In base 6, wh